divisor of q and 160.
20
Suppose 0 = 2*b - 3*k - 93, k - 30 = 3*b - 152. What is the highest common factor of 78 and b?
39
Suppose 2*k - 1100 - 244 = 0. Calculate the highest common divisor of 21 and k.
21
Let q be (-2)/(-4)*(-54)/(-3). Suppose -4*l - 152 = -5*y, -5*l = 2*y - q - 65. What is the highest common divisor of y and 80?
16
Let o(c) = -c**3 + 13*c**2 + 12*c + 27. Let g be o(14). Let p be 1 - (-2 - (g + (-4 - -4))). Calculate the greatest common divisor of 38 and p.
2
Suppose 0*h - 2*j = -2*h + 728, h - 3*j = 356. What is the greatest common factor of h and 16?
16
Suppose 5*p = 6*p - 248. Suppose 0 = -4*n + 3*m + 284 + p, m = 4*n - 532. Calculate the highest common divisor of n and 19.
19
Let b = 103 - 99. Calculate the greatest common divisor of b and 10.
2
Let g be -2*(-17 - -4 - 0)/1. Suppose -46 = -t - g. Calculate the greatest common factor of t and 30.
10
Let k(b) = -b**3 - 2*b**2 + 2*b - 7. Let v be k(-4). Suppose 4*c = v + 7. What is the greatest common factor of 6 and c?
6
Let u(y) = 3*y**3 - 2*y**2 - 9*y + 16. Let t be u(4). What is the highest common divisor of 40 and t?
20
Let u be (-3 + 27)/(-2*4/(-16)). Calculate the highest common factor of u and 1296.
48
Let b(g) = -g**2 - 3*g + 28. Let a = -31 + 26. Let z be b(a). Calculate the highest common divisor of 2 and z.
2
Suppose -140*p + 1519 = -109*p. What is the greatest common factor of p and 931?
49
Let p(g) = g**3 - 10*g**2 - 21*g. Let s be p(12). What is the greatest common divisor of 84 and s?
12
Suppose -3*b = b - 16. Let n be (-7623)/(-49) + b/(-7). Let d(h) = 9*h**3 - 3*h**2 + 2*h - 2. Let f be d(2). Calculate the greatest common factor of n and f.
31
Let w = 11 + -6. Suppose w*x = -3*s + 306, x + 2*x - 190 = -5*s. Let n = 45 - 21. Calculate the highest common divisor of x and n.
12
Let l be 1/(1/3) - (-22629)/57. Calculate the greatest common factor of 16 and l.
16
Let g(y) = -4*y - 4 + 4*y**2 + 0*y + 6 + 2. Let i be g(3). Calculate the greatest common factor of 42 and i.
14
Suppose -78 = -3*o + 9. Suppose -4*w = 4*u - 5*u + o, 22 = 2*u + 4*w. Calculate the greatest common divisor of 17 and u.
17
Suppose -5*c - 10 + 56 = 3*s, 0 = -c - 5*s + 18. Suppose 10 = 3*v - c. Suppose 66 = -3*t + v*t. What is the greatest common factor of t and 2?
2
Let p be (-12 - -20) + 652 + 12. What is the highest common divisor of 128 and p?
32
Let q(z) = z**2 + 14*z + 2. Let b be q(-14). Suppose -i = -b*i - 2*d + 24, -69 = -3*i - 5*d. What is the greatest common factor of 162 and i?
18
Let q be 2/4*(11 - 1). Suppose -15 = -2*p - k, 3*p - q*k + 7 = -3. Let x(m) = -m**3 + 6*m**2 + m. Let c be x(p). What is the highest common divisor of c and 20?
10
Let b be ((-1)/3)/(20/(-60)). Suppose -3*s - 3*q + 12 = 0, 4*s + 20 - 68 = 4*q. What is the highest common divisor of b and s?
1
Let s be -8 + 6 - 2486/(-2). What is the highest common divisor of s and 17?
17
Suppose -4*a - 4*a = -200. Let b = 214 + 11. Calculate the greatest common factor of a and b.
25
Let s = -684 + 754. Calculate the greatest common divisor of 35 and s.
35
Let o(h) = -3*h - 3. Let i be o(-3). Let r be 8/(-20) + (-252)/(-5). Let x be r + (-9)/((-36)/(-8)). Calculate the greatest common factor of i and x.
6
Suppose l - 860 = 6*l. Let x be l/(-14) - 4/14. Let u be (-64)/x*3/(-2). Calculate the highest common factor of u and 24.
8
Let x = 1281 + -577. Calculate the highest common factor of 32 and x.
32
Suppose -4 = -z, -u - 3*z + 0*z = -14. Suppose 0 = u*y - 200 - 38. What is the greatest common divisor of 17 and y?
17
Let b be 12 + -3 - (6 - 33). What is the greatest common divisor of 44 and b?
4
Let b be (10 + (-51)/6)/(6/328). Calculate the greatest common divisor of b and 984.
82
Let k be 392*-4*5/(-40). Calculate the highest common divisor of k and 147.
49
Let s = 35 + -15. Let f be 6*2*25/s. What is the greatest common divisor of f and 30?
15
Suppose -21 = -r + 5*h, 0 = 5*r + 4*h + 1 + 10. Suppose 0*z = -3*z. Suppose q + z*q = 11. What is the greatest common divisor of r and q?
1
Let v(m) = m**2 + 8*m - 51. Let w be v(-13). Calculate the highest common factor of 28 and w.
14
Suppose -b - 2*s + 12 = 0, 3*b = -3*s - 2*s + 32. Suppose f = -b*f. Suppose -5*x + 25 = -f*x. What is the greatest common factor of x and 5?
5
Let c(x) = x**2 + 4*x - 10. Let s be c(-6). Suppose -s*h - 140 = -7*h. What is the greatest common divisor of 280 and h?
28
Let s be 8/28 - 488/(-7). Let t = -36 - -70. Suppose 0*k + 2*k = -5*j + s, -2*j + t = k. Calculate the greatest common factor of 6 and k.
6
Let j be (-504)/(-15) - (-12)/(-30)*-1. Calculate the highest common factor of 204 and j.
34
Let u(t) = 2*t**2 + 5*t - 1. Let q be u(4). Let z = -70 - -74. Suppose -q - 61 = -z*j. What is the greatest common factor of 4 and j?
4
Let c(r) = 33*r - 1. Suppose -3*w - 2*v + 0 - 1 = 0, -2*w + 6 = -2*v. Let f be c(w). Suppose -32 = -8*k + 4*k. What is the greatest common divisor of f and k?
8
Suppose -2*w = 2*w - 16. Suppose w*c + 204 = c. Let t = c - -98. What is the highest common divisor of t and 20?
10
Let f = -261 - -263. What is the highest common factor of f and 128?
2
Suppose -21*s + 458 + 172 = 0. Suppose 3*r + r - 180 = 0. What is the highest common factor of r and s?
15
Suppose 0 = 23*v - 26*v - 90. Let k = v - -40. What is the highest common divisor of k and 2?
2
Let f = -146 - -250. Calculate the greatest common divisor of 8 and f.
8
Suppose 3*i + 126 = 6*i. Suppose s - i = -5*s. What is the highest common factor of s and 7?
7
Let a = 27 + -25. Suppose -a*g + 24 = -40. What is the greatest common divisor of 8 and g?
8
Let s = -40 + 39. Let q(r) = 56*r**2 - 3*r - 3. Let z be q(s). Suppose 5*n + 0*n - 70 = 0. Calculate the greatest common divisor of n and z.
14
Let l be ((-3)/8)/3 - 50/(-16). Let c be (-2)/2 - (0 - l). What is the greatest common divisor of 2 and c?
2
Let k(x) = -9*x - 6. Let l be k(-6). Let f = -109 - -121. Suppose 59*a = 58*a + f. Calculate the greatest common factor of l and a.
12
Let f be 12/7*(21/6 + 0). Let m = 31 + -29. Calculate the highest common divisor of f and m.
2
Suppose -d + 2*d = 0. Suppose d = -2*f - 2 + 4. Let p be 290/5 + 0/f. Calculate the greatest common factor of 87 and p.
29
Suppose -15*s + 575 = -100. What is the greatest common divisor of 15 and s?
15
Suppose 2 = j - 0*j. Let r be 0/(-1 - j) - -3 - -10. Calculate the highest common factor of 65 and r.
13
Let o be ((-114)/190)/(2 + 202/(-100)). What is the highest common factor of 130 and o?
10
Let u = -69 + 73. Calculate the highest common divisor of u and 5.
1
Let d be 2/4 + 0 + (-2664)/(-48). Calculate the greatest common factor of 128 and d.
8
Let o = 29 - 6. Let l(p) = -p**3 + 8*p**2 - 26. Let b be l(6). What is the highest common factor of b and o?
23
Suppose 0 = 4*w - 5 - 31. Let j be (w/(-3) - -2)*4. Let r be (-2)/j*(-44)/(-2). What is the highest common factor of r and 22?
11
Let s be (2*-38)/((-8)/4). Let v = s + -14. Let t = 470 + -278. What is the greatest common divisor of v and t?
24
Let v(c) = 7*c - 17. Let i be v(8). Suppose -3*f + i + 6 = 0. Calculate the greatest common divisor of f and 135.
15
Let w be (306/54)/(3 + 34/(-12)). What is the highest common divisor of 10 and w?
2
Suppose 3*x - 590 = 5*f, f = 5*x - 361 - 637. Let o be (-217)/(-2) - (-1)/2. Let i = x - o. Calculate the greatest common divisor of 13 and i.
13
Let d(s) = -s**2 + 8*s + 84. Let p be d(9). Calculate the highest common divisor of 50 and p.
25
Suppose 4*z + 3*c = 1008, -155 = 5*z - 5*c - 1415. Suppose 9*x - z = -0*x. Calculate the greatest common factor of 4 and x.
4
Let a(p) = -10*p + 20 - 31 + 22 + p**2. Let s be a(9). Suppose 2*b + s*l - 22 = 0, -5*b + l + 23 + 20 = 0. What is the highest common factor of b and 3?
3
Suppose -2*k - 35 = -7*k. Let y(n) = -n**2 + 7*n + 4. Let l be y(k). Let t be (-3)/(l - (-27)/(-6)). What is the greatest common factor of t and 4?
2
Suppose 0 = 3*f - 1019 - 202. Suppose -2*k + 4*x - 29 = -3*k, 0 = 4*x + 8. What is the greatest common factor of k and f?
37
Let q be 42*((-2)/(-4) + -4 - -4). Let b = q + -3. What is the greatest common divisor of b and 27?
9
Let x be (-45)/(-12) + 2/8. Suppose -3*u - 2*p = -p - 51, x*u = -2*p + 66. Calculate the greatest common factor of 162 and u.
18
Suppose -9*g = 27*g - 72. What is the greatest 